{"id":11,"date":"2021-03-18T22:11:38","date_gmt":"2021-03-19T01:11:38","guid":{"rendered":"https:\/\/somosmaes.org.br\/loja\/produto\/album\/"},"modified":"2021-04-02T19:38:53","modified_gmt":"2021-04-02T22:38:53","slug":"album","status":"publish","type":"product","link":"https:\/\/somosmaes.org.br\/loja\/produto\/album\/","title":{"rendered":"Curso de Gestantes &#8211; Ingresso Individual"},"content":{"rendered":"","protected":false},"excerpt":{"rendered":"<p>Voc\u00ea est\u00e1 comprando o<strong> ingresso individual. <\/strong>O\u00a0<strong>Curso de Gestantes do Somos M\u00e3es<\/strong> \u00e9 o seu primeiro passo neste universo de informa\u00e7\u00f5es. Com palestras te\u00f3ricas e pr\u00e1ticas o curso traz rica programa\u00e7\u00e3o envolvendo os principais dilemas dos pais de primeira viagem. Saiba tudo sobre o curso <strong><a href=\"https:\/\/somosmaes.org.br\/curso-de-gestantes\/\" target=\"_blank\" rel=\"noopener\">aqui<\/a><\/strong>.<\/p>\n","protected":false},"featured_media":55,"comment_status":"open","ping_status":"closed","template":"","meta":[],"class_list":["post-11","product","type-product","status-publish","has-post-thumbnail","hentry","product_cat-cursos-e-palestras"],"_links":{"self":[{"href":"https:\/\/somosmaes.org.br\/loja\/wp-json\/wp\/v2\/product\/11","targetHints":{"allow":["GET"]}}],"collection":[{"href":"https:\/\/somosmaes.org.br\/loja\/wp-json\/wp\/v2\/product"}],"about":[{"href":"https:\/\/somosmaes.org.br\/loja\/wp-json\/wp\/v2\/types\/product"}],"replies":[{"embeddable":true,"href":"https:\/\/somosmaes.org.br\/loja\/wp-json\/wp\/v2\/comments?post=11"}],"wp:featuredmedia":[{"embeddable":true,"href":"https:\/\/somosmaes.org.br\/loja\/wp-json\/wp\/v2\/media\/55"}],"wp:attachment":[{"href":"https:\/\/somosmaes.org.br\/loja\/wp-json\/wp\/v2\/media?parent=11"}],"curies":[{"name":"wp","href":"https:\/\/api.w.org\/{rel}","templated":true}]}}